288
Let f(s) = -s**3 + 9*s**2 + 131*s - 42. Determine f(-8).
-2
Let c(f) = -3*f**3 + 126*f**2 - 133*f + 411. Determine c(41).
1
Let j(c) = 6*c**2 - 2*c - 3224. What is j(-23)?
-4
Let i(o) = -o**3 + 130*o + 256. Calculate i(-2).
4
Let i(y) = 81*y + 5129. What is i(-58)?
431
Let z(w) = -1440*w + 5762. What is z(4)?
2
Let w(j) = j**3 - 65*j**2 - 121*j - 829. Determine w(67).
42
Let f(b) = b**3 - 6*b**2 - 267*b + 1809. Give f(7).
-11
Let s(h) = 38*h**2 + 24*h + 40. Calculate s(-2).
144
Let f(x) = -16*x + 1040. Calculate f(66).
-16
Let y(r) = -32*r - 206. Give y(-6).
-14
Let k(i) = -2743*i - 6. Determine k(0).
-6
Let b(g) = -2*g**2 + 570*g + 2889. Determine b(-5).
-11
Let k(u) = 129*u + 5571. Determine k(-43).
24
Let k(h) = 2*h**3 + 64*h**2 + 99*h - 8. Calculate k(-30).
622
Let s(x) = -33*x**2 - 588*x + 108. Calculate s(-18).
0
Let w(a) = -a**3 + 34*a**2 - 240*a + 4555. Determine w(31).
-2
Let q(w) = -3*w**2 + 238. Determine q(-9).
-5
Let j(p) = 59*p + 1515. Give j(-25).
40
Let o(f) = f**2 + 122*f + 3551. Give o(-46).
55
Let c(d) = 63*d - 42. Give c(3).
147
Let r(o) = o**2 + 56*o + 538. What is r(-12)?
10
Let n(a) = -19*a**3 + 51*a**2 + 20*a - 15. Calculate n(3).
-9
Let s(n) = n**2 - 43*n - 183. Determine s(-4).
5
Let a(u) = -484*u + 2095. What is a(6)?
-809
Let r(m) = 2*m**3 - 9*m**2 + 3*m + 10. Calculate r(3).
-8
Let f(b) = 13*b - 564. What is f(46)?
34
Let y(x) = 4*x**3 - 3*x**2 + 12*x + 16. What is y(-3)?
-155
Let k(z) = -2*z**3 + z**2 + 35*z - 19. What is k(6)?
-205
Let l(v) = -185*v - 16298. Give l(-89).
167
Let c(d) = -d**2 - 497*d + 68202. Give c(112).
-6
Let v(d) = -2*d**3 + 8*d**2 - 19*d + 39. Calculate v(7).
-388
Let l(a) = -339*a - 1352. What is l(-4)?
4
Let i(u) = -21*u + 182. Calculate i(10).
-28
Let l(f) = 64*f**2 - 6347*f + 1086. Determine l(99).
-3
Let x(i) = -292*i - 405. Give x(-2).
179
Let r(q) = 17*q**3 - 14*q**2 - 4*q + 3. What is r(2)?
75
Let r(u) = -6*u**2 - 250*u - 2090. Calculate r(-30).
10
Let i(y) = -y**3 - 5*y**2 + 7*y + 93. Determine i(-9).
354
Let k(w) = 44*w + 434. Give k(10).
874
Let r(c) = -2*c**3 + 190*c**2 + 789*c + 300. Calculate r(99).
3
Let m(z) = -z**2 + 19*z - 24. What is m(9)?
66
Let x(n) = 10*n - 357. Calculate x(-22).
-577
Let v(n) = -27*n - 73. Give v(-4).
35
Let y(z) = 38*z - 25. What is y(1)?
13
Let x(u) = -u**3 + 7*u**2 + 53*u + 32. Determine x(12).
-52
Let w(p) = p**3 + 19*p**2 - 3*p + 393. What is w(-20)?
53
Let f(r) = 4*r**2 - 279*r - 128. Give f(70).
-58
Let s(o) = -4*o**2 - 10*o - 50. Give s(-5).
-100
Let k(q) = -5536*q - 11060. Determine k(-2).
12
Let m(a) = -141*a**2 + 52*a - 99. Determine m(2).
-559
Let p(a) = 1532*a - 4604. Determine p(3).
-8
Let y(j) = -j**3 - 13*j**2 + 6*j + 26. Determine y(-12).
-190
Let k(q) = -q**2 - 45*q + 1129. Determine k(18).
-5
Let u(b) = 2*b - 50. Give u(6).
-38
Let b(x) = x**3 - 85*x**2 - 26*x + 2209. What is b(85)?
-1
Let n(j) = 51*j**3 - 1226*j**2 + 47*j + 17. Give n(24).
-7
Let c(m) = m**3 + 13*m**2 - 9*m - 11. Give c(-14).
-81
Let d(h) = -3*h**2 + 34*h + 262. Determine d(-8).
-202
Let m(k) = 800*k + 32806. What is m(-41)?
6
Let h(y) = -4616*y - 9152. Give h(-2).
80
Let r(m) = -m**2 - 138*m - 1938. Calculate r(-122).
14
Let w(u) = -u**3 + 17*u**2 - 28*u + 197. Calculate w(13).
509
Let a(k) = 5*k**2 + 822*k + 11478. Determine a(-149).
5
Let d(h) = -h**2 + 116*h - 3271. Calculate d(68).
-7
Let n(o) = -10*o + 11. Calculate n(0).
11
Let p(b) = 203*b**2 + 5*b + 4. Calculate p(-1).
202
Let z(h) = -2*h**2 - 41*h + 718. Determine z(-32).
-18
Let a(s) = 3*s**3 - 34*s**2 - 35*s + 130. What is a(12)?
-2
Let w(p) = 27*p + 791. Give w(-29).
8
Let m(s) = 510*s - 159630. What is m(313)?
0
Let m(y) = y**3 - 87*y**2 + 82*y + 333. Determine m(86).
-11
Let h(y) = -2479*y + 27232. Calculate h(11).
-37
Let m(d) = 2*d**3 - 61*d**2 + 45*d + 1219. Give m(29).
1
Let w(h) = -h**3 + 55*h**2 - 152*h - 122. Determine w(52).
86
Let z(n) = 103*n - 22544. Calculate z(219).
13
Let x(u) = 74*u - 750. Give x(10).
-10
Let b(k) = k**3 - 24*k**2 + 18*k + 109. Calculate b(23).
-6
Let l(j) = j**3 - 13*j**2 + 22*j - 106. Calculate l(12).
14
Let c(r) = -r**2 - 81*r - 452. Determine c(-6).
-2
Let a(z) = 547*z - 14788. What is a(27)?
-19
Let u(l) = l**3 + 12*l**2 - 16*l - 60. What is u(-13)?
-21
Let i(a) = a**3 + 4*a**2 - 26*a + 12. What is i(5)?
107
Let d(z) = z**3 - 8*z**2 + 6*z - 421. Give d(11).
8
Let u(s) = 5*s**2 - 30*s + 93. Determine u(9).
228
Let b(i) = 2*i**3 - 104*i**2 - 107*i + 85. Give b(53).
32
Let o(g) = 4*g**2 - 109*g - 106. Give o(28).
-22
Let i(p) = 28*p - 196. Calculate i(7).
0
Let w(h) = -620*h**2 + 9920*h - 1. Determine w(16).
-1
Let o(u) = -1731*u + 3462. Determine o(2).
0
Let m(h) = -59*h - 18. What is m(-5)?
277
Let o(u) = -u**3 - 9*u**2 + 41*u - 147. What is o(-13)?
-4
Let a(d) = d**2 - 5*d - 22. Give a(8).
2
Let m(c) = -4*c**2 - 36*c - 91. Calculate m(-4).
-11
Let d(u) = -u**2 + 3945*u + 19753. What is d(-5)?
3
Let x(p) = -31*p**2 - p + 15. Determine x(3).
-267
Let u(k) = 219*k + 7898. What is u(-36)?
14
Let v(h) = -25*h + 948. What is v(40)?
-52
Let z(x) = 5*x**3 - 42*x**2 - 215*x - 28. Determine z(12).
-16
Let m(y) = 1166*y - 2310. Calculate m(2).
22
Let w(f) = f**2 - 22*f - 3448. Give w(-49).
31
Let n(s) = 4*s**3 - 23*s**2 + 40*s - 32. Give n(7).
493
Let s(j) = -j**2 + 35*j + 684. Determine s(-14).
-2
Let u(a) = -3*a**3 - 10*a**2 - 21*a - 37. What is u(-2)?
-11
Let s(i) = 2*i**2 - 73*i - 951. Determine s(-10).
-21
Let b(q) = -q**3 + 33*q**2 - 144*q - 68. Give b(27).
418
Let j(l) = -1538*l**2 - 49215*l + 42. Determine j(-32).
10
Let c(j) = j**3 + 37*j**2 + 68*j + 1150. Determine c(-36).
-2
Let j(r) = -3*r**2 - 14*r - 15. Give j(-4).
-7
Let w(y) = -10*y**2 - 3*y + 249. What is w(5)?
-16
Let s(o) = o**2 + 13*o + 14. Calculate s(-12).
2
Let c(i) = -2*i**3 - 65*i**2 - 30*i + 40. Determine c(-32).
-24
Let o(g) = g**3 + 5*g**2 - 312*g - 244. Determine o(-20).
-4
Let f(d) = d**2 - 9*d - 215. Determine f(20).
5
Let k(j) = 3*j**3 - 11*j**2 + 34*j - 80. Give k(3).
4
Let i(f) = 101*f - 317. Calculate i(3).
-14
Let f(w) = -26*w**2 - 180*w + 6. Give f(-7).
-8
Let a(s) = -18*s - 20. Calculate a(8).
-164
Let m(o) = 2*o**3 + 47*o**2 + 69*o + 171. Calculate m(-22).
105
Let w(f) = -f**3 + 50*f**2 + 22*f - 1110. Determine w(50).
-10
Let a(u) = -13*u**3 - 479*u**2 + 72*u + 26. Give a(-37).
100
Let g(b) = -b**3 + 55*b**2 - 150*b + 2336. Calculate g(53).
4
Let x(n) = -2*n**3 - 74*n**2 - 44*n + 778. What is x(-36)?
-230
Let b(l) = -l**3 + 8*l**2 + 57*l + 380. Give b(14).
2
Let i(a) = -a**3 + 72*a**2 - 214*a + 470. What is i(69)?
-13
Let f(l) = -l**2 + 726. Give f(27).
-3
Let h(m) = m**3 - 27*m**2 - 88*m - 13. Calculate h(30).
47
Let k(l) = 9*l**3 + 513*l**2 + l + 48. Give k(-57).
-9
Let m(s) = 2084*s + 64611. Determine m(-31).
7
Let g(k) = k**2 + 14*k - 38. Determine g(2).
-6
Let h(u) = 306*u - 9563. Determine h(31).
-77
Let r(s) = -4*s**3 + 24*s**2 + 13*s - 9. Calculate r(6).
69
Let f(v) = -v**3 + v**2 + 25*v + 63. What is f(7)?
-56
Let p(b) = -3*b**2 + 11*b - 11. Calculate p(7).
-81
Let m(o) = 1997*o + 25953. Calculate m(-13).
-8
Let i(d) = -4462*d + 98153. Determine i(22).
-11
Let t(d) = 5*d**2 + 39*d + 336. Determine t(-10).
446
Let b(t) = -t**3 + 96*t**2 - 299*t + 10441. Determine b(94).
7
Let d(r) = r**3 + 3*r**2 - 2*r + 4. Calculate d(-2).
12
Let t(l) = l**3 - 70*l**2 + 42*l - 2955. Determine t(70).
-15
Let d(k) = 2*k**2 + 37*k + 181. What is d(-12)?
25
Let w(j) = 19*j + 119. Calculate w(-4).
43
Let o(x) = -53*x + 7365. What is o(139)?
-2
Let q(x) = -1914*x - 32528. Give q(-17).
10
Let a(o) = -14*o**2 - 17*o - 20. Give a(-2).
-42
Let u(y) = -34*y + 564. What is u(17)?
-14
Let h(v) = v**2 - 18*v + 49. Give h(15).
4
Let d(v) = -v**3 + 3*v**2 - 7*v - 2. Determine d(5).
-87
Let o(y) = y**3 + 51*y**2 + 190*y - 7. What is o(-4)?
-15
Let b(v) = -32*v**2 - 192*v - 7. What is b(-6)?
-7
Let l(p) = -5*p**2 + 6*p + 16. Give l(-3).
-47
Let h(b) = 2*b**3 - 5*b**2 - 29*b + 25. Give h(6).
103
Let i(f) = -2*f**2 + 6*f + 66. Give i(-7).
-74
Let b(d) = 39*d - 1213. Determine b(33).
74
Let k(w) = w**3 + 7*w**2 - 71*w - 222. Give k(-11).
75
Let d(v) = -5904*v - 76746. What is d(-13)?
6
Let l(o) = -97*o - 7255. Calculate l(-75).
20
Let b(l) = -l**3 - 94*l**2 - 97*l - 356. Give b(-93).
16
Let s(n) = -n**2 + 11